{"id":93,"date":"2013-03-21T17:35:34","date_gmt":"2013-03-21T17:35:34","guid":{"rendered":"http:\/\/www.aguasdesjoao.pt\/?page_id=93"},"modified":"2015-02-09T15:12:34","modified_gmt":"2015-02-09T14:12:34","slug":"perguntas-frequentes","status":"publish","type":"page","link":"https:\/\/www.aguasdesjoao.pt\/?page_id=93","title":{"rendered":"D\u00favidas Frequentes"},"content":{"rendered":"<ol>\n<li>O que \u00e9 necess\u00e1rio para novo contrato?<\/li>\n<li>Como proceder para desligar o contador?<\/li>\n<li>Como aderir ao Sistema de D\u00e9bito Direto?<\/li>\n<li>\u00c9 necess\u00e1rio colocar algum filtro especial para que a \u00e1gua seja pr\u00f3pria para beber?<\/li>\n<\/ol>\n<p>&nbsp;<\/p>\n<p><strong>\u00a0<\/strong><span class=\"text-blue\"><strong> <\/strong><a name=\"1\"><\/a><strong>1. O que \u00e9 necess\u00e1rio para novo contrato? <\/strong><\/span><strong> <\/strong><\/p>\n<p>Para mais informa\u00e7\u00f5es, clique <a title=\"Contrato\" href=\"http:\/\/www.aguasdesjoao.pt\/?page_id=7\">aqui<\/a>.<\/p>\n<p>&nbsp;<\/p>\n<p><strong> <\/strong><a name=\"2\"><\/a><strong><span class=\"text-blue\">2. Como proceder para desligar o contador?<\/span> <\/strong><\/p>\n<p>Para mais informa\u00e7\u00f5es, clique <a title=\"Desliga\u00e7\u00f5es\" href=\"http:\/\/www.aguasdesjoao.pt\/?page_id=459\">aqui<\/a>.<\/p>\n<p>&nbsp;<\/p>\n<p><a name=\"3\"><\/a> <strong> <span class=\"text-blue\">3. Como aderir ao Sistema de D\u00e9bito Direto?<\/span> <\/strong><\/p>\n<p>Para mais informa\u00e7\u00f5es, clique <a title=\"Modalidades de pagamento\" href=\"http:\/\/www.aguasdesjoao.pt\/?page_id=11\">aqui<\/a>.<\/p>\n<p>&nbsp;<\/p>\n<p><a name=\"4\"><\/a> <strong> <span class=\"text-blue\">4. \u00c9 necess\u00e1rio colocar algum filtro especial para que a \u00e1gua seja pr\u00f3pria para beber?<\/span> <\/strong><\/p>\n<p>&#8220;Alertamos os consumidores para a exist\u00eancia de empresas a operar nos v\u00e1rios concelhos do pa\u00eds, cujo intuito \u00e9 apenas a venda de aparelhos para coloca\u00e7\u00e3o na torneira do consumidor com abastecimento pela rede p\u00fablica (por exemplo filtros).<\/p>\n<p>Segundo informa\u00e7\u00f5es apuradas junto de alguns consumidores, estas empresas entram em contacto via telefone e agendam uma data para se dirigirem \u00e0s suas habita\u00e7\u00f5es a fim de prestarem esclarecimentos sobre a qualidade da \u00e1gua.<\/p>\n<p>O apelo \u00e0 sa\u00fade dos consumidores \u00e9 um dos pontos fortes da ac\u00e7\u00e3o destas empresas, e para isso realizam experi\u00eancias e testes que induzem a ideia de que a \u00e1gua distribu\u00edda \u00e9 de m\u00e1 qualidade.<\/p>\n<p>Uma das experi\u00eancias normalmente efectuadas \u00e9 a da electr\u00f3lise da \u00e1gua da torneira (processo de separa\u00e7\u00e3o dos elementos qu\u00edmicos presentes na \u00e1gua atrav\u00e9s da corrente el\u00e9ctrica).<\/p>\n<p>Importa real\u00e7ar que a \u00e1gua da torneira e destinada ao consumo humano \u00e9 uma \u00e1gua natural tratada, mineralizada e equilibrada, que cont\u00e9m sais dissolvidos em quantidades que s\u00e3o essenciais \u00e0 sa\u00fade, tais como c\u00e1lcio, ferro, magn\u00e9sio, s\u00f3dio e pot\u00e1ssio. Deste modo, a experi\u00eancia acima referida origina uma camada castanha na superf\u00edcie da \u00e1gua, devido \u00e0 separa\u00e7\u00e3o dos diferentes elementos qu\u00edmicos naturalmente presentes na \u00e1gua.<\/p>\n<p>Regra geral, esses aparelhos recorrem a processos de osmose inversa ou de permuta i\u00f3nica, que retiram os sais dissolvidos, pelo que quando ocorre a electr\u00f3lise dessa \u00e1gua, n\u00e3o se forma a referida camada \u00e0 superf\u00edcie. Tendo em conta os fundamentos t\u00e9cnicos e a relev\u00e2ncia desta mat\u00e9ria no \u00e2mbito da sa\u00fade p\u00fablica, \u00e9 fundamental esclarecer os consumidores que a \u00e1gua resultante da passagem por estes aparelhos \u00e9 uma \u00e1gua com car\u00eancia em sais minerais dissolvidos e n\u00e3o aconselh\u00e1vel ao consumo humano.<\/p>\n<p>A \u00e1gua distribu\u00edda pelas v\u00e1rias entidades gestoras \u00e9 obrigatoriamente controlada por an\u00e1lises rigorosas efectuadas na torneira do consumidor de acordo com o Decreto-Lei n\u00ba 306\/2007, de 28 de Agosto, que rege a qualidade da \u00e1gua destinada ao consumo humano. Os resultados obtidos s\u00e3o divulgados trimestralmente pelas entidades gestoras, sendo que estas s\u00e3o periodicamente sujeitas a inspec\u00e7\u00f5es da Entidade Reguladora dos Servi\u00e7os de \u00c1guas e Res\u00edduos (ERSAR).<\/p>\n<p>Pelos motivos expostos, reafirmamos que a \u00e1gua destinada ao consumo humano, distribu\u00edda pelas Entidades Gestoras, n\u00e3o deve ser sujeita a qualquer tratamento adicional, efectuado por conta e risco de cada consumidor, uma vez que a mesma \u00e9 devidamente controlada e adequada para consumo humano.<\/p>\n<p>A Comiss\u00e3o Especializada da Qualidade da \u00c1gua da APDA&#8221;<\/p>\n<p>Fonte : <a title=\"Comunicado APDA\" href=\"http:\/\/www.apda.pt\/pt\/noticia\/50\/comunicado-qualidade-da-agua-na-torneira-do-consumidor\/\" target=\"_blank\">Comunicado APDA de Jan\/2010<\/a><\/p>\n","protected":false},"excerpt":{"rendered":"<p>O que \u00e9 necess\u00e1rio para novo contrato? Como proceder para desligar o contador? Como aderir ao Sistema de D\u00e9bito Direto? \u00c9 necess\u00e1rio colocar algum filtro especial para que a \u00e1gua seja pr\u00f3pria para beber? &nbsp; \u00a0 1. O que \u00e9 necess\u00e1rio para novo contrato? Para mais informa\u00e7\u00f5es, clique aqui. &nbsp; 2. Como proceder para desligar [&hellip;]<\/p>\n","protected":false},"author":1,"featured_media":0,"parent":0,"menu_order":0,"comment_status":"open","ping_status":"open","template":"","meta":{"_expiration-date-status":"saved","_expiration-date":0,"_expiration-date-type":"","_expiration-date-categories":[],"_expiration-date-options":[]},"_links":{"self":[{"href":"https:\/\/www.aguasdesjoao.pt\/index.php?rest_route=\/wp\/v2\/pages\/93"}],"collection":[{"href":"https:\/\/www.aguasdesjoao.pt\/index.php?rest_route=\/wp\/v2\/pages"}],"about":[{"href":"https:\/\/www.aguasdesjoao.pt\/index.php?rest_route=\/wp\/v2\/types\/page"}],"author":[{"embeddable":true,"href":"https:\/\/www.aguasdesjoao.pt\/index.php?rest_route=\/wp\/v2\/users\/1"}],"replies":[{"embeddable":true,"href":"https:\/\/www.aguasdesjoao.pt\/index.php?rest_route=%2Fwp%2Fv2%2Fcomments&post=93"}],"version-history":[{"count":11,"href":"https:\/\/www.aguasdesjoao.pt\/index.php?rest_route=\/wp\/v2\/pages\/93\/revisions"}],"predecessor-version":[{"id":98,"href":"https:\/\/www.aguasdesjoao.pt\/index.php?rest_route=\/wp\/v2\/pages\/93\/revisions\/98"}],"wp:attachment":[{"href":"https:\/\/www.aguasdesjoao.pt\/index.php?rest_route=%2Fwp%2Fv2%2Fmedia&parent=93"}],"curies":[{"name":"wp","href":"https:\/\/api.w.org\/{rel}","templated":true}]}}