{"id":22,"date":"2013-03-21T14:15:29","date_gmt":"2013-03-21T14:15:29","guid":{"rendered":"http:\/\/www.aguasdesjoao.pt\/?page_id=22"},"modified":"2014-11-03T12:49:59","modified_gmt":"2014-11-03T11:49:59","slug":"infra-estruturas","status":"publish","type":"page","link":"https:\/\/www.aguasdesjoao.pt\/?page_id=22","title":{"rendered":"Infra-estruturas"},"content":{"rendered":"<p class=\"top-page-image\"><span style=\"font-size: 2em;\"><a href=\"http:\/\/www.aguasdesjoao.pt\/wp-content\/uploads\/2013\/07\/Infraestruturas-11.jpg\"><img loading=\"lazy\" class=\"size-full wp-image-200 alignnone\" alt=\"Infraestruturas 1\" src=\"http:\/\/www.aguasdesjoao.pt\/wp-content\/uploads\/2013\/07\/Infraestruturas-11.jpg\" width=\"680\" height=\"162\" \/><\/a><\/span><\/p>\n<h1><span style=\"font-size: 24px;\">Infra-estruturas<\/span><\/h1>\n<p>A \u00e1gua que abastece S\u00e3o Jo\u00e3o da Madeira prov\u00e9m do fornecimento efectuado pela \u00c1guas do Douro e Paiva, S.A. e de capta\u00e7\u00f5es subterr\u00e2neas pr\u00f3prias.<\/p>\n<p>As capta\u00e7\u00f5es pr\u00f3prias est\u00e3o associadas a duas Esta\u00e7\u00f5es de Tratamento (Ribeiros e Roupal) que s\u00e3o geridas e exploradas pela \u00c1guas de S\u00e3o Jo\u00e3o, E.M., S.A. Na esta\u00e7\u00e3o de Ribeiros existe ainda uma esta\u00e7\u00e3o elevat\u00f3ria para adu\u00e7\u00e3o da \u00e1gua captada e tratada aos reservat\u00f3rios.<\/p>\n<p>O abastecimento do concelho utiliza 5 reservat\u00f3rios que alimentam\u00a0uma rede com aproximadamente 113 km de extens\u00e3o. De um modo geral o abastecimento aos mun\u00edcipes \u00e9 grav\u00edtico, exceptuando uma pequena zona na qual \u00e9 efectuado com recurso a hidropressores.<\/p>\n<p>Para monitoriza\u00e7\u00e3o da rede, controlo e redu\u00e7\u00e3o de perdas, esta est\u00e1 subdividida em\u00a016 Zonas de Medi\u00e7\u00e3o e Controlo (ZMC).<\/p>\n<table class=\"clean-table\">\n<tbody>\n<tr>\n<td style=\"text-align: center;\" align=\"center\"><img class=\"size-full wp-image-214 alignnone\" alt=\"reservatorio\" src=\"http:\/\/www.aguasdesjoao.pt\/wp-content\/uploads\/2013\/03\/image_4.jpg\" width=\"250\" \/><\/td>\n<td style=\"text-align: center;\" align=\"center\"><img loading=\"lazy\" class=\"alignnone size-full wp-image-528\" alt=\"Infraestruturas 1\" src=\"http:\/\/www.aguasdesjoao.pt\/wp-content\/uploads\/2013\/07\/Infraestruturas-1.jpg\" width=\"250\" height=\"187\" \/><\/td>\n<\/tr>\n<tr>\n<td style=\"text-align: center;\">Reservat\u00f3rio RA<\/td>\n<td style=\"text-align: center;\">Esta\u00e7\u00e3o de Tratamento de \u00c1gua dos Ribeiros<\/td>\n<\/tr>\n<\/tbody>\n<\/table>\n<p>As \u00e1guas residuais (saneamento) s\u00e3o drenadas atrav\u00e9s de uma rede com aproximadamente 80 km, na qual quase todo o escoamento \u00e9 efectuado por gravidade, existindo apenas duas pequenas esta\u00e7\u00f5es elevat\u00f3rias (Outeiro e Fund\u00f5es).<\/p>\n<p>A rede de drenagem encaminha as \u00e1guas residuais para emiss\u00e1rios que se desenvolvem a Nascente e Poente do concelho, que por sua vez descarregam o efluente na Esta\u00e7\u00e3o de Tratamento de \u00c1guas Residuais (ETAR) do Salgueiro, na qual \u00e9 garantido o seu tratamento antes de ser devolvido ao meio aqu\u00e1tico em linha de \u00e1gua. A gest\u00e3o dos emiss\u00e1rios e da ETAR, est\u00e1 a cargo da Associa\u00e7\u00e3o de Munic\u00edpios das Terras de Santa Maria.<\/p>\n<p>As \u00c1guas de S\u00e3o Jo\u00e3o, E.M. S.A., t\u00eam ainda a seu cargo a gest\u00e3o e manuten\u00e7\u00e3o da rede de drenagem das \u00e1guas pluviais, com aproximadamente\u00a084 km, totalmente grav\u00edtica, e que encaminha as \u00e1guas pluviais para as linhas de \u00e1gua existentes no Concelho.<\/p>\n","protected":false},"excerpt":{"rendered":"<p>Infra-estruturas A \u00e1gua que abastece S\u00e3o Jo\u00e3o da Madeira prov\u00e9m do fornecimento efectuado pela \u00c1guas do Douro e Paiva, S.A. e de capta\u00e7\u00f5es subterr\u00e2neas pr\u00f3prias. As capta\u00e7\u00f5es pr\u00f3prias est\u00e3o associadas a duas Esta\u00e7\u00f5es de Tratamento (Ribeiros e Roupal) que s\u00e3o geridas e exploradas pela \u00c1guas de S\u00e3o Jo\u00e3o, E.M., S.A. Na esta\u00e7\u00e3o de Ribeiros existe [&hellip;]<\/p>\n","protected":false},"author":1,"featured_media":0,"parent":0,"menu_order":0,"comment_status":"open","ping_status":"open","template":"","meta":{"_expiration-date-status":"saved","_expiration-date":0,"_expiration-date-type":"","_expiration-date-categories":[],"_expiration-date-options":[]},"_links":{"self":[{"href":"https:\/\/www.aguasdesjoao.pt\/index.php?rest_route=\/wp\/v2\/pages\/22"}],"collection":[{"href":"https:\/\/www.aguasdesjoao.pt\/index.php?rest_route=\/wp\/v2\/pages"}],"about":[{"href":"https:\/\/www.aguasdesjoao.pt\/index.php?rest_route=\/wp\/v2\/types\/page"}],"author":[{"embeddable":true,"href":"https:\/\/www.aguasdesjoao.pt\/index.php?rest_route=\/wp\/v2\/users\/1"}],"replies":[{"embeddable":true,"href":"https:\/\/www.aguasdesjoao.pt\/index.php?rest_route=%2Fwp%2Fv2%2Fcomments&post=22"}],"version-history":[{"count":29,"href":"https:\/\/www.aguasdesjoao.pt\/index.php?rest_route=\/wp\/v2\/pages\/22\/revisions"}],"predecessor-version":[{"id":212,"href":"https:\/\/www.aguasdesjoao.pt\/index.php?rest_route=\/wp\/v2\/pages\/22\/revisions\/212"}],"wp:attachment":[{"href":"https:\/\/www.aguasdesjoao.pt\/index.php?rest_route=%2Fwp%2Fv2%2Fmedia&parent=22"}],"curies":[{"name":"wp","href":"https:\/\/api.w.org\/{rel}","templated":true}]}}